69 + -5607?
-5975
In base 9, what is -41531 - -861?
-40560
In base 9, what is -45 - -186024?
185868
In base 3, what is 1111101210002012121 - 2?
1111101210002012112
In base 7, what is 13216022 - 10?
13216012
In base 16, what is -4ed1e77 - 8?
-4ed1e7f
In base 12, what is -1631 + 2b7a?
1549
In base 9, what is 13 - -8882788?
8882812
In base 4, what is 3010121022301 + -3?
3010121022232
In base 6, what is 2101 + -14533341?
-14531240
In base 14, what is 19 - a46067?
-a4604c
In base 8, what is -1 + -257613643?
-257613644
In base 6, what is -2 + -153100251?
-153100253
In base 2, what is 0 - 11100010110010011000001?
-11100010110010011000001
In base 3, what is 21121222111 - -12201222?
21211201110
In base 6, what is 102011 + -3304?
54303
In base 2, what is 1001000001011111 + 1110001011001?
1010110010111000
In base 16, what is 351 - 196f?
-161e
In base 14, what is -c4d - 1448?
-2297
In base 9, what is -1383026 - -4?
-1383022
In base 2, what is -11010110100010011111 - 101101010?
-11010110101000001001
In base 16, what is -f3769 + 7?
-f3762
In base 3, what is -20122120 - 10210222?
-101110112
In base 7, what is -2360526052 + -4?
-2360526056
In base 15, what is -10b3cde1 - -4?
-10b3cddc
In base 11, what is 10 - 5993a12?
-5993a02
In base 16, what is -e19a4e + 3?
-e19a4b
In base 4, what is 22113 + -223023?
-200310
In base 8, what is 6710646 + 50?
6710716
In base 4, what is 10013323132 - -1011?
10013330203
In base 11, what is -12 + 1a63277?
1a63265
In base 4, what is 1100131223 - -33111?
1100231000
In base 12, what is -105a9b2 + 1?
-105a9b1
In base 7, what is 50041110 - 20?
50041060
In base 4, what is -103 + -10322231202?
-10322231311
In base 4, what is 11322 + 1320211?
1332133
In base 10, what is 353395 + 125?
353520
In base 3, what is -21111211202220120 + -1?
-21111211202220121
In base 12, what is a505792 + 3?
a505795
In base 11, what is 16624444 - 7?
16624438
In base 9, what is 23236 + -435?
22701
In base 9, what is -1500757 - -233?
-1500524
In base 10, what is -24847 + 5878?
-18969
In base 3, what is 11022222 + -221101001?
-210001002
In base 11, what is 4 - 35839940?
-35839937
In base 13, what is -68298b0 - -2?
-68298ab
In base 10, what is -41376 - 1?
-41377
In base 14, what is -3336 - c08?
-4140
In base 12, what is -107a416 + 4?
-107a412
In base 10, what is 418798 + 4?
418802
In base 14, what is 7 - 446dbc?
-446db5
In base 9, what is -4031 - -143176?
138145
In base 11, what is -2424292 - 3?
-2424295
In base 12, what is b26 - -3781?
46a7
In base 3, what is 12222210211 - -2212220?
20002200201
In base 3, what is 21022001001101 + 2?
21022001001110
In base 12, what is 189 + -29853?
-29686
In base 14, what is -4 + -2264606?
-226460a
In base 6, what is 3 + -3013131?
-3013124
In base 9, what is -1316215 + -360?
-1316575
In base 10, what is -2460123 - 3?
-2460126
In base 8, what is -4205066 + -115?
-4205203
In base 6, what is -1030 - -45521152?
45520122
In base 9, what is 68 - -28862?
30041
In base 8, what is -27107 + 2520?
-24367
In base 10, what is -927607 - -72?
-927535
In base 5, what is -1310123 - -244234?
-1010334
In base 16, what is 5b - -50a3b?
50a96
In base 8, what is -22 + 201757511?
201757467
In base 16, what is -a - -fe3b?
fe31
In base 2, what is 10100101010011 - -101111100?
10101011001111
In base 16, what is -4 + 5cbc7a?
5cbc76
In base 15, what is -5 + 4b0ca17?
4b0ca12
In base 10, what is -3 - -21515777?
21515774
In base 11, what is 1 + 23a4058?
23a4059
In base 2, what is 110000010011110010 - -10100011111?
110000101000010001
In base 6, what is -3 + 42404100233?
42404100230
In base 16, what is a714f3 - 0?
a714f3
In base 11, what is 9 - 81670?
-81662
In base 16, what is -9e1 + 2d77?
2396
In base 15, what is -1d5b + -3408?
-5264
In base 15, what is 27 - -1d321?
1d348
In base 5, what is -4001442 - 24223?
-4031220
In base 16, what is 4071 - -4d9?
454a
In base 16, what is -197e7 - -d?
-197da
In base 10, what is -149 + -5654?
-5803
In base 6, what is 2500 - 14543?
-12043
In base 13, what is 1 + a0c142c?
a0c1430
In base 5, what is 12 + 4414034?
4414101
In base 16, what is -5f8b + a5?
-5ee6
In base 8, what is -1437025 - 53?
-1437100
In base 15, what is -168c8 - -93?
-16835
In base 3, what is -102 - 1110110202?
-1110111011
In base 8, what is -2513220 + 41?
-2513157
In base 11, what is 11 + a49953?
a49964
In base 14, what is -2c4041 - -15?
-2c402a
In base 11, what is 5 - -926180?
926185
In base 14, what is 23dd5 + 846?
2483b
In base 10, what is -340950 + -4?
-340954
In base 14, what is c347 - -1d9?
c542
In base 7, what is -13200613 + 5?
-13200605
In base 3, what is 101 - -11020101121201?
11020101122002
In base 13, what is -1c + -37c14b?
-37c16a
In base 3, what is 22111100011 + -111201?
22110211110
In base 11, what is -16a3 + -11840?
-13433
In base 4, what is -13011 + -103230132?
-103303203
In base 6, what is 15 - 155305203?
-155305144
In base 14, what is 10 + -2b3663?
-2b3653
In base 2, what is 11010101010011101 - -1000100100010?
11011101110111111
In base 7, what is 1161 + 126626?
131120
In base 9, what is -26435 - -63?
-26362
In base 10, what is 18264914 + 4?
18264918
In base 14, what is -80 - -27d28?
27c88
In base 11, what is 44722 + -198?
44535
In base 11, what is 6216794 + 3?
6216797
In base 13, what is -19165070 - -9?
-19165064
In base 15, what is 750 + -242c?
-1bcc
In base 12, what is -1 - -517a032?
517a031
In base 11, what is -14 + 2a30394?
2a30380
In base 16, what is -8ca1be9 + 1?
-8ca1be8
In base 3, what is -1221202 + -220101?
-2212010
In base 14, what is -3bc + -3530?
-390c
In base 3, what is 11 - -1021202112201221?
1021202112202002
In base 11, what is -5 + -5982191?
-5982196
In base 12, what is 57 - 1bb0b5?
-1bb05a
In base 5, what is 10 + -13004230333?
-13004230323
In base 11, what is 27080 + 1258?
28328
In base 2, what is -11100110101 - 1011000?
-11110001101
In base 2, what is 1 - 10111001100011111110001?
-10111001100011111110000
In base 13, what is -6450721 + 19?
-6450705
In base 7, what is -1601033 + 423?
-1600310
In base 9, what is 487073 - -11?
487084
In base 4, what is -32333321323 - -1011?
-32333320312
In base 14, what is -35d3 - -193?
-3440
In base 4, what is -11 + -20112210133?
-20112210210
In base 16, what is -12b2 - 49?
-12fb
In base 15, what is -1ab8 - -c4?
-19e4
In base 7, what is 31230 + 521?
32051
In base 13, what is -89c + -ab06?
-b6a5
In base 8, what is -47076 - -564?
-46312
In base 13, what is 2 - c27b20?
-c27b1b
In base 9, what is -2363 + 1652?
-611
In base 4, what is 10 - 20221032320121?
-20221032320111
In base 10, what is -157773 - 348?
-158121
In base 14, what is 9 + 363057a?
3630585
In base 5, what is -42020010410 - 0?
-42020010410
In base 5, what is 423 + 33430433?
33431411
In base 16, what is -35b67a0 - -18?
-35b6788
In base 5, what is 1 + 1014034331?
1014034332
In base 16, what is -a + 68fc97a?
68fc970
In base 6, what is -2141304 + -13?
-2141321
In base 10, what is -39577861 - -1?
-39577860
In base 14, what is a6d9305 - 3?
a6d9302
In base 13, what is -3b4 + 641?
25a
In base 10, what is 1816 - 2446?
-630
In base 13, what is -bb418 - 982?
-bc09a
In base 3, what is 222201020210 - -1010220?
222202101200
In base 15, what is -173 + d988?
d815
In base 8, what is -53705547 - -4?
-53705543
In base 3, what is 11 - -1122201212202110?
1122201212202121
In base 8, what is 3652 + -31136?
-25264
In base 2, what is -10100111100100 + -1010100011?
-10110010000111
In base 12, what is 729b3 - -5?
729b8
In base 8, what is -17 - 236703?
-236722
In base 7, what is -16 - -4222220?
4222201
In base 15, what is -ed2e5 + -59?
-ed34e
In base 2, what is -1001100010100111 + -10010010011?
-1001110100111010
In base 5, what is -1144 - 20401202?
-20402401
In base 11, what is 84a + 2aa97?
30836
In base 8, what is -33413067 + 55?
-33413012
In base 10, what is -51 + 796773?
796722
In base 13, what is 269a735 + 1?
269a736
In base 4, what is 333220 - 30011112?
-23011232
In base 10, what is -4 - -1130156?
1130152
In base 14, what is -4188434 + -4?
-4188438
In base 8, what is -2 - 11446220?
-11446222
In base 7, what is -140 - -14502062?
14501622
In base 7, what is 20443113 + -15?
20443065
In base 13, what is -373 + 14412?
1406c
In base 14, what is 3a7 + -d1b0?
-cc07
In base 5, what is -113224101303 - -10?
-113224101243
In base 9, what is 3100 - -524061?
527161
In bas